30
What is 3b571 (base 13) in base 15?
22c5c
-aa33 (base 15) to base 16
-8cd0
-4231111 (base 5) to base 6
-1303405
21076 (base 14) to base 7
451206
Convert -120809 (base 16) to base 9.
-2200885
Convert -220331101100 (base 4) to base 8.
-50752120
Convert -44404251 (base 7) to base 8.
-16477236
-131333330 (base 4) to base 15
-2661b
Convert -102293 (base 10) to base 8.
-307625
-17ca25 (base 13) to base 6
-20502321
What is 11010101010010110111100 (base 2) in base 8?
32522674
What is 1233033030 (base 4) in base 15?
90003
Convert -105061 (base 10) to base 4.
-121221211
-74925 (base 10) to base 11
-51324
a2a55 (base 13) to base 14
78484
-654b66 (base 13) to base 16
-2455ee
42415346 (base 7) to base 4
31233021203
What is 84aa52 (base 16) in base 10?
8694354
Convert a75478 (base 12) to base 6.
132351032
-3733714 (base 9) to base 4
-13233220210
Convert 5621660 (base 7) to base 14.
1411a0
What is -304176 (base 12) in base 6?
-24053030
351c4 (base 15) to base 5
20403114
1365131 (base 7) to base 6
3541022
Convert 303077 (base 13) to base 15.
172048
What is 3110272 (base 11) in base 7?
64445601
1520265 (base 7) to base 14
55435
What is 3342041 (base 6) in base 4?
221033221
What is 11013223002 (base 4) in base 7?
14256651
What is 41402462 (base 7) in base 9?
6483558
Convert 100002110020012 (base 3) to base 8.
22334022
Convert 48085 (base 9) to base 8.
76631
3640520 (base 9) to base 6
110200500
76ab7a (base 12) to base 7
22011130
What is 3a7e6b (base 16) in base 14?
71b05d
What is -4125613 (base 9) in base 11?
-12744aa
3435611 (base 8) to base 4
3203232021
371c77 (base 14) to base 11
107a197
What is -24022021 (base 6) in base 15?
-ec13d
Convert 3230606 (base 8) to base 9.
1557057
What is 2022201221 (base 3) in base 8?
131250
235a4a (base 11) to base 5
43431234
What is -41a8c4 (base 13) in base 6?
-52540423
Convert -201001110321 (base 4) to base 7.
-133401456
-413422 (base 5) to base 3
-200200011
What is -127308 (base 9) in base 15?
-17e85
-14432412 (base 5) to base 14
-4088d
Convert -7836e (base 15) to base 13.
-104c36
What is 383287 (base 10) in base 5?
44231122
What is -1011001001011100010 (base 2) in base 13?
-ca358
-2304212 (base 7) to base 8
-1060736
-137a04 (base 15) to base 4
-3210302221
What is 23443355 (base 6) in base 7?
6156311
What is -34379 (base 12) in base 5?
-4212040
5b3b4 (base 14) to base 6
4440242
What is -1191064 (base 11) in base 9?
-3787643
Convert 12222212010101 (base 3) to base 14.
5cd029
Convert -25240155 (base 6) to base 15.
-11128e
Convert 20526126 (base 7) to base 4.
12220111002
What is 3082a (base 16) in base 11?
126315
3200112 (base 5) to base 10
53157
Convert 200001001220 (base 3) to base 5.
42330244
What is 23312134 (base 5) in base 2?
110100000110101011
8e19 (base 15) to base 4
13113132
Convert -114b22 (base 12) to base 10.
-278090
What is -106464310 (base 7) in base 11?
-3777010
Convert -265ff (base 16) to base 10.
-157183
-157bd (base 15) to base 4
-100322011
907fe (base 16) to base 6
20404050
2a959 (base 14) to base 10
106115
-111120210021 (base 3) to base 12
-10a8a4
-10310032 (base 7) to base 2
-11010101111101100100
Convert 463045 (base 7) to base 4.
110030020
Convert 1368aa (base 11) to base 13.
76573
Convert 5761038 (base 9) to base 4.
23313130112
Convert -122221200102 (base 3) to base 2.
-1010110010000110101
134a01 (base 13) to base 7
3654562
26a0d (base 14) to base 8
272045
What is -47356a3 (base 11) in base 10?
-8265018
-14443431 (base 6) to base 9
-846801
Convert 13135022 (base 7) to base 2.
100100101100000110111
-1ad365c (base 14) to base 6
-1155322122
Convert 3402310244 (base 5) to base 11.
4238237
-2157d (base 14) to base 3
-11002122200
What is -a0f0e (base 16) in base 10?
-659214
-380792 (base 11) to base 16
-92c8d
What is 6426731 (base 10) in base 14?
bd4163
What is 100100010110010010 (base 2) in base 8?
442622
-6572066 (base 8) to base 13
-49b051
Convert -2bd66b (base 15) to base 12.
-86349b
11232233 (base 6) to base 10
346557
Convert -f41b (base 16) to base 15.
-137b1
Convert -2523611 (base 7) to base 16.
-4f75a
What is 224242420 (base 5) in base 9?
1807213
-12905 (base 13) to base 3
-1202022002
Convert -1210460 (base 7) to base 5.
-14411102
444010 (base 8) to base 6
3112104
What is 1101010111001001110 (base 2) in base 8?
1527116
-6a90e (base 16) to base 15
-894e9
Convert -148114 (base 9) to base 16.
-16453
Convert -1480503 (base 10) to base 8.
-5513467
Convert -245425 (base 13) to base 12.
-35a74a
What is 320301304 (base 5) in base 16?
146968
Convert -14402440 (base 6) to base 5.
-111421024
-a39042 (base 12) to base 4
-21302133302
Convert -102223143 (base 5) to base 14.
-b28bc
What is 13000022 (base 5) in base 11?
85a18
Convert 1000110110110011 (base 2) to base 16.
8db3
What is 3b21915 (base 12) in base 3?
211002102201122
-2210110310 (base 4) to base 8
-2442464
-20141340 (base 6) to base 14
-10cc56
Convert -2a913 (base 14) to base 5.
-11343203
What is d3911 (base 16) in base 7?
10236315
What is -21211412 (base 5) in base 14?
-49326
What is 448738 (base 9) in base 16?
41a4a
Convert 240d0 (base 14) to base 2.
10101011110110110
What is -a3095 (base 12) in base 8?
-637261
2478b (base 13) to base 4
100122020
2837b3 (base 14) to base 8
5240141
Convert 1d313 (base 15) to base 4.
113033121
10240141 (base 5) to base 12
42375
Convert 14605134 (base 8) to base 2.
1100110000101001011100
-1421021 (base 8) to base 4
-1202020101
-222000332111 (base 4) to base 10
-11014037
What is -10224550 (base 6) in base 15?
-5d989
1325470 (base 10) to base 7
14160226
Convert 22452051 (base 6) to base 5.
134104411
What is -83166 (base 13) in base 3?
-102221211000
What is 40307027 (base 8) in base 3?
120222100210200
94878 (base 11) to base 13
4ab58
What is 45505436 (base 7) in base 3?
21110121121102
What is 104610 (base 7) in base 10?
18480
-101020101220 (base 3) to base 10
-201498
Convert -10543053 (base 7) to base 12.
-383489
Convert 121321230120 (base 4) to base 8.
31715430
92a697 (base 12) to base 4
20301111103
3c63c (base 14) to base 3
21120221120
Convert -33b596 (base 15) to base 5.
-1112442031
-b5034a (base 14) to base 15
-80a033
What is 1010001011100111000 (base 2) in base 15?
68cb9
1032210331210 (base 4) to base 15
1c1d46d
What is 301010301231 (base 4) in base 16?
c44c6d
53c89 (base 13) to base 9
250774
-524b2d (base 15) to base 6
-215521011
-2402233 (base 6) to base 7
-1030155
36050257 (base 8) to base 3
112211121011010
What is -2b5b156 (base 12) in base 9?
-17551223
Convert -2006a8 (base 14) to base 5.
-233430342
What is 1446a20 (base 11) in base 14?
489123
Convert 101103233323 (base 4) to base 10.
4537339
Convert 298a63 (base 13) to base 6.
33501302
Convert -100505155 (base 6) to base 16.
-1a3d5f
What is -fc1d (base 16) in base 2?
-1111110000011101
Convert -1868905 (base 10) to base 12.
-761661
Convert 111100111100111111 (base 2) to base 14.
66db1
11010010110110011001 (base 2) to base 9
1555621
What is 17688a5 (base 11) in base 12?
10072a7
What is 303001 (base 9) in base 7?
1344562
-162127 (base 9) to base 14
-28615
Convert 66317 (base 10) to base 9.
110865
Convert 200324030 (base 5) to base 6.
24552250
Convert -3d4c1 (base 15) to base 5.
-22244311
What is 21011221012 (base 3) in base 15?
2bd52
Convert -1012100020212 (base 3) to base 8.
-2333272
What is -10010100111011100101011 (base 2) in base 6?
-252333215
Convert -20230122 (base 4) to base 15.
-a840
Convert -2018822 (base 11) to base 7.
-42224265
-40414145 (base 6) to base 12
-477355
Convert -10010100010011110101 (base 2) to base 14.
-11b553
10100011010001 (base 2) to base 16
28d1
What is -100111111010111110011010 (base 2) in base 8?
-47727632
What is -1110101100001100110 (base 2) in base 15?
-97972
What is -12111341 (base 5) in base 6?
-2232430
What is -222915 (base 10) in base 14?
-5b347
What is 20101211020200 (base 3) in base 9?
6354220
What is 38a00a (base 13) in base 11?
852066
Convert 1002221212112 (base 3) to base 14.
114c71
7634 (base 10) to base 14
2ad4
Convert 4213021 (base 5) to base 15.
15a0b
3304300 (base 6) to base 12
7b090
-93c518 (base 13) to base 5
-1341021200
-523214 (base 7) to base 12
-4409b
What is -484911 (base 13) in base 8?
-6447117
What is 3034323032 (base 5) in base 4?
113201223203
Convert 1001100111111110111111 (base 2) to base 13.
6a4555
What